nds digit of 94820558?
2
What is the billions digit of 1748886242?
1
What is the thousands digit of 5409782207?
2
What is the units digit of 642377974?
4
What is the ten thousands digit of 1706392019?
9
What is the units digit of 25867658?
8
What is the millions digit of 29671833?
9
What is the hundred thousands digit of 36466482?
4
What is the ten millions digit of 78947495?
7
What is the hundred thousands digit of 43376999?
3
What is the ten thousands digit of 87409914?
0
What is the hundred thousands digit of 503587863?
5
What is the hundred millions digit of 7468455071?
4
What is the thousands digit of 56782274?
2
What is the units digit of 58958766?
6
What is the hundred millions digit of 134234700?
1
What is the tens digit of 950521103?
0
What is the ten thousands digit of 134283482?
8
What is the units digit of 1033833147?
7
What is the ten millions digit of 725924737?
2
What is the millions digit of 2388064813?
8
What is the millions digit of 40847209?
0
What is the units digit of 2386839914?
4
What is the thousands digit of 39879587?
9
What is the hundred thousands digit of 1228497650?
4
What is the millions digit of 865735834?
5
What is the ten millions digit of 90813717?
9
What is the hundreds digit of 29493112?
1
What is the units digit of 749596716?
6
What is the units digit of 709561206?
6
What is the ten millions digit of 22768951?
2
What is the ten thousands digit of 3161527958?
2
What is the hundred millions digit of 1230347112?
2
What is the hundred millions digit of 282310577?
2
What is the thousands digit of 52860502?
0
What is the hundreds digit of 203078986?
9
What is the units digit of 81073801?
1
What is the billions digit of 1948709739?
1
What is the units digit of 96044402?
2
What is the thousands digit of 5851667?
1
What is the ten thousands digit of 3265892412?
9
What is the hundred thousands digit of 60737119?
7
What is the billions digit of 1852686789?
1
What is the hundred millions digit of 6184346139?
1
What is the ten thousands digit of 1854057622?
5
What is the thousands digit of 44548346?
8
What is the tens digit of 744068788?
8
What is the millions digit of 12152461?
2
What is the hundred thousands digit of 57709293?
7
What is the ten millions digit of 1390534970?
9
What is the thousands digit of 1035446966?
6
What is the thousands digit of 1233180098?
0
What is the tens digit of 1458032663?
6
What is the ten thousands digit of 1273062578?
6
What is the units digit of 2034778111?
1
What is the hundreds digit of 2803395629?
6
What is the hundred thousands digit of 92653645?
6
What is the thousands digit of 2368455187?
5
What is the hundreds digit of 139312294?
2
What is the units digit of 18326062?
2
What is the millions digit of 488290077?
8
What is the ten millions digit of 45196112?
4
What is the tens digit of 234722423?
2
What is the hundred thousands digit of 4751337766?
3
What is the hundred millions digit of 203297569?
2
What is the thousands digit of 96131060?
1
What is the units digit of 1053501428?
8
What is the tens digit of 11078974?
7
What is the ten millions digit of 6521394002?
2
What is the hundreds digit of 327781255?
2
What is the ten thousands digit of 61780494?
8
What is the billions digit of 7373793377?
7
What is the hundred millions digit of 328848806?
3
What is the millions digit of 215603469?
5
What is the hundreds digit of 111974601?
6
What is the hundreds digit of 805083858?
8
What is the units digit of 62875060?
0
What is the tens digit of 1799146904?
0
What is the ten thousands digit of 41055761?
5
What is the hundred thousands digit of 8026203?
0
What is the thousands digit of 267405929?
5
What is the hundred millions digit of 357088074?
3
What is the hundred thousands digit of 101787978?
7
What is the ten millions digit of 46096941?
4
What is the ten millions digit of 3796846933?
9
What is the units digit of 1353267996?
6
What is the ten thousands digit of 71942174?
4
What is the ten thousands digit of 2518153045?
5
What is the thousands digit of 143535549?
5
What is the hundreds digit of 2110324746?
7
What is the tens digit of 38628783?
8
What is the hundred thousands digit of 207628987?
6
What is the tens digit of 332278239?
3
What is the hundred thousands digit of 837837152?
8
What is the ten millions digit of 560846877?
6
What is the units digit of 282580571?
1
What is the hundreds digit of 219662916?
9
What is the ten thousands digit of 41465470?
6
What is the thousands digit of 48774338?
4
What is the hundreds digit of 23674834?
8
What is the millions digit of 7493861?
7
What is the units digit of 1600464125?
5
What is the hundred thousands digit of 9351403?
3
What is the units digit of 1081131159?
9
What is the hundreds digit of 3030500979?
9
What is the tens digit of 61867066?
6
What is the tens digit of 795059001?
0
What is the ten millions digit of 841678981?
4
What is the hundred thousands digit of 109764788?
7
What is the units digit of 84578230?
0
What is the hundred thousands digit of 82614312?
6
What is the ten thousands digit of 54005814?
0
What is the tens digit of 1587038822?
2
What is the hundreds digit of 7367436009?
0
What is the units digit of 85961823?
3
What is the units digit of 639515346?
6
What is the millions digit of 18639132?
8
What is the thousands digit of 174817496?
7
What is the thousands digit of 3980132?
0
What is the hundreds digit of 444001091?
0
What is the hundred thousands digit of 42217946?
2
What is the ten thousands digit of 45622807?
2
What is the thousands digit of 953435471?
5
What is the ten millions digit of 6232163092?
3
What is the units digit of 123082083?
3
What is the hundreds digit of 360935564?
5
What is the hundreds digit of 66195042?
0
What is the thousands digit of 31839539?
9
What is the ten thousands digit of 34731763?
3
What is the thousands digit of 916053402?
3
What is the ten millions digit of 4915329989?
1
What is the hundred millions digit of 184839033?
1
What is the hundred millions digit of 152733387?
1
What is the hundreds digit of 1484372544?
5
What is the ten thousands digit of 2100861708?
6
What is the units digit of 9015994707?
7
What is the ten thousands digit of 1091170250?
7
What is the hundred thousands digit of 2986210754?
2
What is the hundreds digit of 61186288?
2
What is the millions digit of 1097357868?
7
What is the thousands digit of 1573408832?
8
What is the ten thousands digit of 43945658?
4
What is the hundred millions digit of 2877224667?
8
What is the ten thousands digit of 452668952?
6
What is the thousands digit of 25660019?
0
What is the tens digit of 209334720?
2
What is the ten thousands digit of 394304696?
0
What is the tens digit of 50218189?
8
What is the hundreds digit of 326522751?
7
What is the tens digit of 48881799?
9
What is the hundred millions digit of 210577059?
2
What is the thousands digit of 9203755?
3
What is the hundred millions digit of 1560491216?
5
What is the millions digit of 369229688?
9
What is the tens digit of 253015365?
6
What is the millions digit of 88387706?
8
What is the hundred thousands digit of 46630762?
6
What is the units digit of 32299110?
0
What is the hundreds digit of 1626153068?
0
What is the ten millions digit of 2354975558?
5
What is the millions digit of 49333431?
9
What is the thousands digit of 965967563?
7
What is the ten millions digit of 2246296746?
4
What is the ten thousands digit of 374087006?
8
What is the millions digit of 2424579038?
4
What is the ten thousands digit of 536613141?
1
What is the millions digit of 81670022?
1
What is the millions digit of 223646066?
3
What is the hundred thousands digit of 2141395618?
3
What is the tens digit of 16054806?
0
What is the units digit of 382492446?
6
What is the units digit of 7264850?
0
What is the hundred thousands digit of 209807139?
8
What is the ten thousands digit of 38650707?
5
What is the ten millions digit of 72384972?
7
What is the units digit of 122656939?
9
What is the tens digit of 56287551?
5
What is the thousands digit of 45354605?
4
What is the hundred thousands digit of 7414620832?
6
What is the hundreds digit of 256873631?
6
What is the hundreds digit of 547977327?
3
What is the tens digit of 275228352?
5
What is the ten thousands digit of 947896512?
9
What is the b